{"id":16,"date":"2025-12-14T11:41:02","date_gmt":"2025-12-14T11:41:02","guid":{"rendered":"https:\/\/nhp-jeker.ch\/?page_id=16"},"modified":"2026-01-12T15:18:10","modified_gmt":"2026-01-12T15:18:10","slug":"startseite","status":"publish","type":"page","link":"https:\/\/nhp-jeker.ch\/","title":{"rendered":"Startseite"},"content":{"rendered":"\n\n\t<h1><strong>Naturheilpraxis in Holderbank<\/strong><\/h1>\n\t\t\t\t<img decoding=\"async\" src=\"https:\/\/nhp-jeker.ch\/wp-content\/uploads\/2026\/01\/Willkommen-300x175.png\" alt=\"Willkommen\" itemprop=\"image\" height=\"175\" width=\"300\" title=\"Willkommen\" onerror=\"this.style.display='none'\" loading=\"lazy\" \/>\n\t<p>Die Naturheilkunde TEN (Traditionelle Europ\u00e4ische Naturheilkunde) greift auf jahrhundertealtes Wissen unserer Vorfahren zur\u00fcck.<\/p>\n\t<h4>Die Fachrichtung Humoralmedizin (Lehre der S\u00e4fte), ist die Medizin der Antike, aus der sich die heutige Schulmedizin entwickelt hat. Das Denkmodell besch\u00e4ftigt sich mit den vier Elementen (Luft, Feuer, Erde und Wasser) und leitet daraus die vier S\u00e4fte im Menschen ab. Alle vier S\u00e4fte sind im Menschen vorhanden, einer jedoch kann dominant sein, was das Temperaments des Individuums ausmacht. F\u00e4llt einer dieser S\u00e4fte in die Dominanz oder Verminderung, fallen die Kr\u00e4fte ins Ungleichgewicht, was eine Dyskrasie der S\u00e4fte beinhaltet, es k\u00f6nnen Krankheiten entstehen.<br \/>\nEine junge Frau hat demnach nicht die gleichen Voraussetzungen wie ein \u00e4lterer Herr, sind doch die S\u00e4fte sowohl als Frau, als auch im Greisenalter nicht dieselben. Daher kann man nicht pauschal bei jeder Person mit zwar gleicher Erkrankung, auch gleich therapieren. Was auch in der individuellen Therapie ber\u00fccksichtigt werden sollte.<\/h4>\n\n<h4>Wichtige Hinweise finden wir in der Anamnese, sowie Iris- (F. Garvelmann), Anlitz- (Dr. Sch\u00fcssler), Puls- und Zungendiagnostik.<\/h4>\n\t\t\t\t<img decoding=\"async\" src=\"https:\/\/nhp-jeker.ch\/wp-content\/uploads\/2026\/01\/Willkommen_Auge.jpg\" alt=\"Willkommen_Auge\" itemprop=\"image\" height=\"1417\" width=\"1417\" title=\"Willkommen_Auge\" onerror=\"this.style.display='none'\" loading=\"lazy\" \/>\n\t\t\t<a href=\"https:\/\/nhp-jeker.ch\/?page_id=165\" target=\"_self\">\n\t\t\t\t\t\t\tDiagnostik\n\t\t\t<\/a>\n\t\t\t\t<img decoding=\"async\" src=\"https:\/\/nhp-jeker.ch\/wp-content\/uploads\/2026\/01\/Willkommen_Auge.jpg\" alt=\"Willkommen_Auge\" itemprop=\"image\" height=\"1417\" width=\"1417\" title=\"Willkommen_Auge\" onerror=\"this.style.display='none'\" loading=\"lazy\" \/>\n\t\t\t<a href=\"\" target=\"_self\">\n\t\t\t\t\t\t\tDiagnostik\n\t\t\t<\/a>\n\t\t\t\t<img decoding=\"async\" src=\"https:\/\/nhp-jeker.ch\/wp-content\/uploads\/2026\/01\/Willkommen_Auge.jpg\" alt=\"Willkommen_Auge\" itemprop=\"image\" height=\"1417\" width=\"1417\" title=\"Willkommen_Auge\" onerror=\"this.style.display='none'\" loading=\"lazy\" \/>\n\t\t\t<a href=\"\" target=\"_self\">\n\t\t\t\t\t\t\tDiagnostik\n\t\t\t<\/a>\n\n","protected":false},"excerpt":{"rendered":"<p>Naturheilpraxis in Holderbank Die Naturheilkunde TEN (Traditionelle Europ\u00e4ische Naturheilkunde) greift auf jahrhundertealtes Wissen unserer Vorfahren zur\u00fcck. Die Fachrichtung Humoralmedizin (Lehre der S\u00e4fte), ist die Medizin der Antike, aus der sich die heutige Schulmedizin entwickelt hat. Das Denkmodell besch\u00e4ftigt sich mit den vier Elementen (Luft, Feuer, Erde und Wasser) und leitet daraus die vier S\u00e4fte im&hellip;<\/p>\n","protected":false},"author":1,"featured_media":0,"parent":0,"menu_order":0,"comment_status":"closed","ping_status":"closed","template":"","meta":{"footnotes":""},"class_list":["post-16","page","type-page","status-publish","hentry"],"_links":{"self":[{"href":"https:\/\/nhp-jeker.ch\/index.php?rest_route=\/wp\/v2\/pages\/16","targetHints":{"allow":["GET"]}}],"collection":[{"href":"https:\/\/nhp-jeker.ch\/index.php?rest_route=\/wp\/v2\/pages"}],"about":[{"href":"https:\/\/nhp-jeker.ch\/index.php?rest_route=\/wp\/v2\/types\/page"}],"author":[{"embeddable":true,"href":"https:\/\/nhp-jeker.ch\/index.php?rest_route=\/wp\/v2\/users\/1"}],"replies":[{"embeddable":true,"href":"https:\/\/nhp-jeker.ch\/index.php?rest_route=%2Fwp%2Fv2%2Fcomments&post=16"}],"version-history":[{"count":11,"href":"https:\/\/nhp-jeker.ch\/index.php?rest_route=\/wp\/v2\/pages\/16\/revisions"}],"predecessor-version":[{"id":200,"href":"https:\/\/nhp-jeker.ch\/index.php?rest_route=\/wp\/v2\/pages\/16\/revisions\/200"}],"wp:attachment":[{"href":"https:\/\/nhp-jeker.ch\/index.php?rest_route=%2Fwp%2Fv2%2Fmedia&parent=16"}],"curies":[{"name":"wp","href":"https:\/\/api.w.org\/{rel}","templated":true}]}}